 - 3*w - 312. Let m(v) = -3*v**2 - 101*v - 43. Calculate the remainder when f is divided by m(-33).
21
Let j(d) = -5*d**2 - 62*d - 50. Let r(v) = v**2 - 13*v + 4. Let q be r(5). What is the remainder when 37*2 + q/(-9) is divided by j(-11)?
24
Let g(t) = 2*t**2 - 72*t + 21. Let v be g(39). Let w(i) = i**3 - 2*i**2 + 2*i + 1. Calculate the remainder when ((-22)/2)/(5 - v/50) is divided by w(3).
14
Let o = 273046 + -272925. Let t be (-1 - (8 - 1))*2. Let l = t + 47. Calculate the remainder when o is divided by l.
28
Let j = 19929 + -19919. What is the remainder when 13 is divided by j?
3
Let n(y) = 10*y - 1. Let p = -19 + 16. Let v be (-1)/((1 - -1)*p/6). Calculate the remainder when 42 is divided by n(v).
6
Suppose 136*q - 18 = 134*q. Suppose -5*m + 2*y - 3 = 0, -8*y + q*y - 2 = 2*m. What is the remainder when 1 + (4/m + 55 - 1) is divided by 16?
11
Suppose x = 3*d - 9, 2*x + 2 - 4 = d. Suppose -d*s + 2*y = y - 192, 0 = 4*y - 16. Suppose -7*z + 8*z - s = 0. What is the remainder when z is divided by 17?
15
Let v(u) = -u**3 + 40*u**2 + 38*u + 35. What is the remainder when v(39) is divided by 38?
36
Suppose -4*d = 4*k + 15 - 67, 28 = 2*d + k. Let q = 2922 - 2804. Calculate the remainder when q is divided by d.
13
Suppose 0 = -35*w + 25 + 80. Suppose x - 15 = -2*d, -3*x + 58 = -w*d - 5. Calculate the remainder when 54 is divided by x.
16
Suppose 6*t + b + 228 = 4*t, 4*t = 5*b - 484. Suppose 3*i = -i - 4*j - 176, -i + 2*j = 32. Let d = i - t. Calculate the remainder when d is divided by 26.
24
Suppose -196*h + 197*h + 105 = 0. Let o = -4 - h. What is the remainder when o is divided by 8?
5
Suppose 5*p + 33 = -d, -4*p - 33 = -0*d + d. Let l = -20 - d. Suppose 35*g - 141 = 1119. What is the remainder when g is divided by l?
10
Suppose 13*i + 103*i - 3480 = 0. Let b(j) = -j**2 - 19*j + 8. What is the remainder when b(-11) is divided by i?
6
Let w be ((-42)/(-24))/((-2)/(-8)). Let z = 6 - w. What is the remainder when 92 is divided by (-63)/(-3) + z + 4?
20
Suppose 28*k - 36*k = 80. Let q = 16 - k. Calculate the remainder when 127 is divided by q.
23
Let c(d) = 162*d - 2827. What is the remainder when c(22) is divided by 69?
47
Let a(z) = 21*z + 8. Let s be a(-8). Let m = 162 + s. What is the remainder when 6 is divided by m?
0
Suppose 5*x = x + f + 2282, x + 5*f - 539 = 0. What is the remainder when x is divided by 118?
97
Suppose 4*h - 2*d - 4 = 2*h, 6 = 2*h - d. Calculate the remainder when 68 + (4/(-10) - (-56)/(-35)) is divided by h.
2
Calculate the remainder when 299/7 - (-2)/7 is divided by ((-10)/25)/((-1)/10)*1.
3
Suppose -c - 35 = -4*t - 853, -t = -5*c + 4128. Let z = c - 800. Calculate the remainder when 0 + 99 + 1/(-1) is divided by z.
20
Suppose -48 = -195*a + 187*a. What is the remainder when 63 is divided by a?
3
Suppose 21*s + 825 = 2*x + 20*s, 4*s + 1230 = 3*x. Calculate the remainder when 849 is divided by x.
21
Suppose 127*i - 8 = 123*i. Suppose i*s + 3*r = 22, 5*r - 8*r = 0. What is the remainder when 172 is divided by s?
7
Suppose -2 = -3*c - y + 1, 0 = c - y + 3. Let m(r) = -r + 4. Let k be m(c). What is the remainder when 1/(k/252) - 0 is divided by 16?
15
Let x = 1295 - 1228. What is the remainder when 157 is divided by x?
23
Let z(q) be the second derivative of -25*q**3/3 - 19*q**2/2 - 40*q. Calculate the remainder when z(-3) is divided by 12.
11
Suppose m = 7*j - 8*j + 165, -5*m = -j + 135. Let r = j - 153. Calculate the remainder when 61 is divided by r.
5
Let s = -6865 - -6874. Let j(r) = 8*r**2 + 5*r + 1. Let h be j(-5). Suppose -3*z + 4*q = -h, z - 4*q = 71 + 1. What is the remainder when z is divided by s?
7
Suppose 796 = -7*i + 9623. Suppose -4*c - i = -17*c. Calculate the remainder when c is divided by 30.
7
Suppose 84*f + 304 = 76*f. Calculate the remainder when -4 + f/(-8) - (-362)/8 is divided by (-15)/(-3)*(-16)/(-5).
14
Suppose 11*t + 269 = 3*o, 0 = -t - t + 4. Calculate the remainder when 6692 is divided by o.
96
Let o = 199 - -49. Suppose 0 = 4*y + 184 - o. Calculate the remainder when y is divided by 12.
4
Let i be -129*(-8 + (-96)/(-18)). Suppose 12*k - i - 64 = 0. Let l = -76 + 140. Calculate the remainder when l is divided by k.
30
Let w = -30856 + 31122. What is the remainder when 694 is divided by w?
162
Let y = 674 + -177. What is the remainder when 997 is divided by y?
3
Suppose -3*v + 10261 = -2*y - 14433, -5*v + 41150 = -5*y. What is the remainder when v is divided by 16?
10
Let j(y) = y + 7. Let v be j(-4). Suppose -6*h + v*h = -60. Suppose -10164 = -137*g + 5*g. What is the remainder when g is divided by h?
17
Let n = -52 + 47. Let i(c) = -14*c + 33. What is the remainder when i(n) is divided by 38?
27
Suppose 43*z - 40*z = 3*r + 216, 270 = 4*z + 5*r. What is the remainder when z is divided by (-12)/(-1) - (0 - 0)?
10
Let w(u) = -23*u - 540. Calculate the remainder when 1549 is divided by w(-26).
41
Suppose 5*t - 38 = 3*s, -2*t + s + 36 = 2*t. Let r(b) = -b**2 + 9*b + 2. Let f be r(t). Let y = f + 44. What is the remainder when y is divided by 13?
10
Let z(x) = x**2 - 11*x + 3. Let o be z(11). Suppose -41 + 2 = -o*l. Suppose 69 + 106 = 5*m. What is the remainder when m is divided by l?
9
Suppose 0 = 3*y + 3*j - 668 + 179, -3*y = -2*j - 504. Let g = y - 140. What is the remainder when g is divided by (-18)/(-1) + (3 - 7) + 0?
12
Let t be (2 + -6)*(-4)/8. Let u(a) = -41 + 40 - t*a + a + 39*a**2. What is the remainder when 76 is divided by u(-1)?
37
Let f(l) = 8*l + 42. Let s be f(-4). Suppose -3*r = -12, a + 12*r = s*r + 40. Let v = -98 + 161. What is the remainder when v is divided by a?
31
Suppose -3*x = -4*x + 190. Let l(d) = 139*d - 3858. What is the remainder when x is divided by l(28)?
20
Let h(m) = -13*m**2 - 10 - 18 + m**3 + 15*m - 1. Suppose 6*j + 3*w = 2*j + 20, -w = -4. Calculate the remainder when h(12) is divided by j.
1
Calculate the remainder when 317 is divided by -1 + 118/2 + -42*2/(-14).
61
Suppose 4*t - 40 = -2*j - 2*j, t - 4 = j. Suppose t*p + 520 = 33*p. What is the remainder when p is divided by 6?
2
Suppose 26*r - 41*r - 163 = -1828. Let m(z) = -6*z**3 - 2*z**2 - z - 2. What is the remainder when r is divided by m(-2)?
31
Let c = -14052 + 14687. Calculate the remainder when c is divided by 215.
205
Suppose -301*s + 101 = -299*s - 3*d, 0 = 2*d + 6. Let j = 33 - 16. Calculate the remainder when s is divided by j.
12
Let m = 7089 - 7048. Calculate the remainder when 286 is divided by m.
40
Let q(s) = s**3 - 17*s**2 - 11*s + 57. Calculate the remainder when q(19) is divided by 183.
21
Calculate the remainder when 705 is divided by (-11)/(-209) + 46004/266.
13
Let i = 12691 - 10783. Calculate the remainder when i is divided by 5.
3
Suppose 115*s = 15430 + 35741 - 7356. What is the remainder when s is divided by 11?
7
Let i(f) = f**3 - 70*f**2 + 829*f - 96. Calculate the remainder when 514 is divided by i(55).
18
Let j(c) = 15*c**3 - 4*c**2 - 90*c + 187. Calculate the remainder when 6098 is divided by j(2).
104
What is the remainder when 473 is divided by 132*(-60)/(-160) + -1 + 2/4?
32
Let j(b) = b**2 - 7*b + 10. Suppose 4*w - 21 = -1, -4*n + 5*w - 9 = 0. Let a be j(n). Calculate the remainder when -7 - (-2252)/24 - a/12 is divided by 19.
11
Let p = 2854 + -2746. What is the remainder when 564 is divided by p?
24
Suppose -26 = 3*i - 14*i + 62. What is the remainder when 329 is divided by i?
1
Suppose 3*k = -k + 5*o - 30, 0 = 2*o - 4. What is the remainder when k/(-3)*3 + 393/3 is divided by 29?
20
Suppose 0 = -2*c - k - 756, c + 4*k = -2*c - 1134. Let s = 393 + c. What is the remainder when 131 is divided by s?
11
Suppose 0 = -91*d + 10634 + 22547 + 25514. Calculate the remainder when d is divided by 159.
9
Let t(u) = -2*u**2 + 10. Let l(p) = -p**2 - p + 11. Let g(c) = 3*l(c) - 2*t(c). What is the remainder when g(-9) is divided by -3 + ((-4)/(-5))/((-6)/(-255))?
28
Calculate the remainder when (-3)/(6/(-439)) + (-615)/(-246) is divided by 81.
60
Let b(d) = -6*d**3 + 444*d**2 + 4*d - 257. Calculate the remainder when 460 is divided by b(74).
31
What is the remainder when 2355 is divided by ((-1)/(4 - 2))/((-48)/2496)?
15
Suppose 5*q + 2*v = 70, -3*q - 15*v = -18*v - 21. What is the remainder when 23 is divided by q?
11
Let g(z) = 6*z**3 - 18*z**2 - 20*z - 4. What is the remainder